. Suppose -5*x = 25, 0 = 5*j + 3*x + p - 1381. Calculate the greatest common divisor of j and k.
16
Let s(t) = 15*t**2 + 51*t. Let m be s(-7). Calculate the greatest common factor of 42 and m.
42
Let q = -222 + 97. Let n = q - -178. Suppose n - 13 = 5*w. Calculate the greatest common factor of 56 and w.
8
Suppose -25*s = -16*s - 738. Calculate the highest common factor of 1558 and s.
82
Let o = -1361 + 1517. Calculate the greatest common factor of 42 and o.
6
Suppose -1 - 1 = -b. Let y be -6 - (16/4 - 0). Let g be b + -1 - 3 - y. What is the greatest common factor of g and 72?
8
Let m be (-88)/11 - -12 - (1 - 149). Calculate the greatest common divisor of 38 and m.
38
Suppose 153 + 686 = 2*u - 3*v, -1306 = -3*u - 5*v. What is the highest common divisor of 7 and u?
7
Suppose -3*z - 1 + 3 = 2*o, 3*o - 4*z = 37. Let q = o + -2. Suppose 4*l - 43 = -n, 0 = -3*n + 7 + 2. Calculate the greatest common factor of l and q.
5
Let f be (0 + 3/(-12))*-8. Suppose 2*w - g - 35 = 0, 4*w - 7*g - 55 = -f*g. Calculate the highest common factor of w and 10.
10
Let o(n) = -17*n**3 + 2*n**2 + 3*n + 2. Let c be o(-1). Let r = c - 5. Calculate the greatest common factor of 52 and r.
13
Suppose m = -3*m - 3*h + 113, -3*m + 66 = -4*h. Suppose 4 - 3 = -w. Let v be (-41)/w + (-2)/1. What is the greatest common divisor of v and m?
13
Suppose -160 = -4*p + 5*b, -15*p - 2*b - 40 = -16*p. Suppose 0 = d - 5*d + 64. Calculate the highest common divisor of d and p.
8
Suppose -5*i = i - 24. Let g be ((-3)/(-2))/(3/8). Suppose 0*x = i*x - g, -5*u = -x - 54. What is the greatest common factor of 11 and u?
11
Let m be 2 - (-2 + 3) - -1. Calculate the greatest common factor of 6 and m.
2
Let j(w) = 25*w**3. Let q be j(1). Let i = 39 - q. Calculate the greatest common divisor of i and 28.
14
Suppose 15*j = 293 + 202. What is the highest common factor of j and 88?
11
Let k(s) = 2*s + 6. Let q be k(-8). Let j = q - -18. Let a be 6/39 - 72/(-39). What is the greatest common divisor of a and j?
2
Suppose 56 = 7*y - 5*y. What is the greatest common factor of y and 35?
7
Suppose 25*u + 515 = 4040. What is the greatest common divisor of u and 3?
3
Suppose 34*s - 52 = -4*q + 29*s, -5*q = 5*s - 65. Calculate the highest common divisor of 2678 and q.
13
Suppose -34 = -3*s - 0*t + 4*t, -5*t - 65 = -5*s. Suppose -4*z - 49 + 262 = -n, -3*z + 153 = -3*n. What is the highest common divisor of s and z?
18
Let x = -31 + 34. Let y be -391*2/(-6) + x/(-9). Calculate the greatest common divisor of 52 and y.
26
Let w be (-8)/24*-6*(1 + 0). Suppose -2*r - s + 6*s = -4, 3*r - w*s - 17 = 0. What is the highest common divisor of r and 7?
7
Let q = 300 + -212. Calculate the greatest common factor of 220 and q.
44
Let i be ((-21)/(-4))/((-1)/(-4)). Let w(g) = g**3 + 22*g**2 + 35*g + 47. Let p be w(-20). What is the greatest common divisor of p and i?
21
Suppose 0 = 4*u - u - 3. Let b(a) = -a**2 + 18*a - 63. Let g be b(13). Calculate the highest common factor of u and g.
1
Suppose 2*q + 5*v = -8, -2*q = 4*v + 3 + 1. Suppose 12 = -q*k + 36. What is the highest common divisor of 36 and k?
4
Suppose 45 + 12 = -3*h - 3*a, -4*a + 22 = -3*h. Let b be -14*(3/2 - 1). Let k be h/b*(-13)/(-2). What is the greatest common factor of 117 and k?
13
Let h(y) = 460*y**2 + 9*y + 2. Let x be h(-2). Suppose 10*p = 18*p - x. Calculate the highest common factor of 12 and p.
12
Let q = -27 - -46. Let s = q - 21. Let x be 2 + (-2 - s) - -3. What is the greatest common divisor of 45 and x?
5
Let k = 1562 + -900. Suppose -k - 1340 = -11*c. What is the greatest common divisor of 14 and c?
14
Let j = -3 + 22. Let f(g) = 11*g - 17. Let q be f(5). What is the highest common factor of j and q?
19
Suppose -17*n = -372 - 648. Suppose 5*b - 3*k = 76, 4*b + 3*k - 36 = b. Let c = b + 10. What is the greatest common divisor of c and n?
12
Suppose 0 = -2*m - 4, -5*m + 319 = -5*g - 2*m. Let z = 125 + g. What is the highest common factor of z and 15?
15
Suppose 5*c = 2*p - 7*p - 20, 0 = 5*c + 20. Suppose -l + 6*l - 40 = p. Suppose -66 = -2*h + 14. What is the greatest common factor of h and l?
8
Let m(i) = -i - 12. Let s be m(-6). Let p be 6/s*(-7)/(7/24). What is the highest common factor of 24 and p?
24
Let z be ((-6)/4)/((-16)/(-416)). Let s = -5 - z. What is the highest common divisor of 306 and s?
34
Let h be 252/12 + (-1)/1. Let g = 31 - h. Let f = 12 + 10. Calculate the highest common divisor of f and g.
11
Let f = -1695 - -1707. Let h(r) = -r - 3. Let b(t) = t**2 - 2*t - 6. Let m(n) = 2*b(n) - 5*h(n). Let p be m(-5). Calculate the highest common factor of p and f.
12
Let q = 776 + -682. What is the highest common divisor of q and 329?
47
Let h be -55*8/60*-3. Suppose -8*m + 275 = -3*m. What is the highest common divisor of h and m?
11
Suppose -5*h = -3*h - 3*g - 13, 5*h + 5 = -5*g. Suppose 4 = -y + 8, -y = 2*k - 88. Let d = k + -40. Calculate the highest common factor of d and h.
2
Suppose -158 = -3*r + 5*v, 0*v + 48 = r - 4*v. What is the highest common factor of 2744 and r?
56
Let z be (-108)/(-11) - (-2)/44*4. Let r(l) = -4*l + 48. Let k be r(z). Calculate the greatest common factor of k and 24.
8
Let v(q) = q**3 + 8*q**2 + 8*q - 10. Let f be v(-8). Let o = -69 - f. Calculate the greatest common divisor of o and 50.
5
Let s(q) = -q**2 + 1. Let y(w) = 50*w**2 - 55. Let c(j) = -220*s(j) - 4*y(j). Let u be c(-1). Calculate the greatest common factor of 30 and u.
10
Suppose 0 = -9*n + 5*n + 56. Suppose 0*r + 18 = 2*r. Let h = -2 + r. Calculate the highest common divisor of n and h.
7
Let z(g) = 0 - 1 - 5*g + 4*g. Let f(s) = -25*s**2 + 3*s + 4. Let v(a) = -f(a) - 4*z(a). Let o be v(-1). Calculate the highest common divisor of 120 and o.
24
Suppose -3*g + 3 = 5*v - 2*v, -4*v + 4 = 3*g. Let z be 9 - 3/(v - -2). Let s = 3 + z. Calculate the greatest common factor of s and 33.
11
Let j be (8/(-10))/(35/(-11550)). Calculate the highest common factor of 33 and j.
33
Let t(j) = 4*j**2 + 8*j. Let d be t(-4). Calculate the highest common divisor of 12 and d.
4
Let f(m) = -18*m - 29. Let z be f(-4). What is the highest common divisor of z and 344?
43
Suppose -13*r + 91 = -4*r - 8*r. Let z(d) = -4*d - 3. Suppose 2*n + 3 + 21 = -4*f, 0 = 4*f - 4*n. Let k be z(f). What is the greatest common factor of r and k?
13
Suppose -2*i + 18 - 106 = -3*t, 0 = 4*t - 2*i - 116. Suppose 0 = -7*z + 3*z - 20. Let n = -1 - z. What is the highest common divisor of n and t?
4
Let n = 4064 - 344. What is the highest common divisor of n and 24?
24
Suppose -79*q + 420 = -64*q. What is the highest common factor of q and 28?
28
Suppose 18*x + 30 = 20*x. Suppose x*i = 17*i - 506. What is the highest common divisor of 23 and i?
23
Let y be 6 + (0 - (4 + -2 + -1)). Let a be 1 + (3 - 108/(-3)). Calculate the highest common factor of a and y.
5
Let h be 210/4 - 1/(-2). Suppose m - 247 = -5*s - m, -4*m + h = s. What is the greatest common divisor of s and 7?
7
Suppose 5*o + 30 = -25. Let s = o - -10. Let f = 24 + s. Calculate the greatest common factor of 184 and f.
23
Suppose 13 = g - 3*m - 29, -3*g + 5*m + 106 = 0. Let k = -3932 - -3959. What is the greatest common divisor of g and k?
27
Let r = 673 - 497. What is the highest common divisor of 11 and r?
11
Let z(l) = l**3 + 21*l**2 + 18*l - 27. Let a be z(-20). Suppose s - d - 212 = -3*s, 0 = -2*s - 5*d + 84. Calculate the highest common divisor of a and s.
13
Suppose -3*i - 2*v - 3*v = -655, 3*i + 3*v = 663. What is the greatest common factor of 18 and i?
9
Let d(i) = 12*i - 832. Let a be d(70). What is the highest common divisor of a and 376?
8
Suppose -32 = -20*i + 17*i - 2*f, 2*f - 40 = -4*i. Calculate the greatest common factor of i and 484.
4
Suppose 3 = -2*o + 25. Let y(j) = -32*j**3 + j**2 - 2*j - 2. Let v be y(-1). What is the highest common divisor of v and o?
11
Let y(k) = 13*k - 25 + 12 - 5 - k**2. Let g be y(6). Suppose 3*a + 13 = 229. Calculate the greatest common factor of a and g.
24
Let w(f) = 5*f**3 + 38*f**2 + 7*f - 6. Let d be w(-7). Calculate the highest common factor of 92 and d.
92
Let y be (-4 + 5)*(0/(-2) + 144). Let b(m) = 4*m - 2. Let o be b(5). What is the highest common divisor of o and y?
18
Let g = 438 - 418. What is the greatest common factor of 8 and g?
4
Suppose -142 = -2*u + q, 8*q = 4*u + 3*q 